{"id":1869,"date":"2025-08-04T17:47:05","date_gmt":"2025-08-04T15:47:05","guid":{"rendered":"https:\/\/www.aikidotoshindotoulon.fr\/?page_id=1869"},"modified":"2025-09-29T19:33:03","modified_gmt":"2025-09-29T17:33:03","slug":"forum-des-associations-2025","status":"publish","type":"page","link":"https:\/\/www.aikidotoshindotoulon.fr\/?page_id=1869","title":{"rendered":"Forum des Associations 2025"},"content":{"rendered":"\t\t<div data-elementor-type=\"wp-page\" data-elementor-id=\"1869\" class=\"elementor elementor-1869\">\n\t\t\t\t\t\t<section class=\"elementor-section elementor-top-section elementor-element elementor-element-9a4b6bf elementor-section-boxed elementor-section-height-default elementor-section-height-default\" data-id=\"9a4b6bf\" data-element_type=\"section\" data-e-type=\"section\">\n\t\t\t\t\t\t<div class=\"elementor-container elementor-column-gap-default\">\n\t\t\t\t\t<div class=\"elementor-column elementor-col-100 elementor-top-column elementor-element elementor-element-7e2f19a\" data-id=\"7e2f19a\" data-element_type=\"column\" data-e-type=\"column\">\n\t\t\t<div class=\"elementor-widget-wrap elementor-element-populated\">\n\t\t\t\t\t\t<div class=\"elementor-element elementor-element-15160c0 elementor-widget elementor-widget-image\" data-id=\"15160c0\" data-element_type=\"widget\" data-e-type=\"widget\" data-widget_type=\"image.default\">\n\t\t\t\t<div class=\"elementor-widget-container\">\n\t\t\t\t\t\t\t\t\t\t\t\t\t\t\t<img fetchpriority=\"high\" decoding=\"async\" width=\"1024\" height=\"724\" src=\"https:\/\/www.aikidotoshindotoulon.fr\/wp-content\/uploads\/2025\/08\/TOULON-FLYER-Recto-Verso-A4-PARTIE-1-2025-1024x724.jpg\" class=\"attachment-large size-large wp-image-1885\" alt=\"\" srcset=\"https:\/\/www.aikidotoshindotoulon.fr\/wp-content\/uploads\/2025\/08\/TOULON-FLYER-Recto-Verso-A4-PARTIE-1-2025-1024x724.jpg 1024w, https:\/\/www.aikidotoshindotoulon.fr\/wp-content\/uploads\/2025\/08\/TOULON-FLYER-Recto-Verso-A4-PARTIE-1-2025-300x212.jpg 300w, https:\/\/www.aikidotoshindotoulon.fr\/wp-content\/uploads\/2025\/08\/TOULON-FLYER-Recto-Verso-A4-PARTIE-1-2025-768x543.jpg 768w, https:\/\/www.aikidotoshindotoulon.fr\/wp-content\/uploads\/2025\/08\/TOULON-FLYER-Recto-Verso-A4-PARTIE-1-2025-1536x1086.jpg 1536w, https:\/\/www.aikidotoshindotoulon.fr\/wp-content\/uploads\/2025\/08\/TOULON-FLYER-Recto-Verso-A4-PARTIE-1-2025-2048x1448.jpg 2048w\" sizes=\"(max-width: 1024px) 100vw, 1024px\" \/>\t\t\t\t\t\t\t\t\t\t\t\t\t\t\t<\/div>\n\t\t\t\t<\/div>\n\t\t\t\t<div class=\"elementor-element elementor-element-42f47cf elementor-widget elementor-widget-image\" data-id=\"42f47cf\" data-element_type=\"widget\" data-e-type=\"widget\" data-widget_type=\"image.default\">\n\t\t\t\t<div class=\"elementor-widget-container\">\n\t\t\t\t\t\t\t\t\t\t\t\t\t\t\t<img decoding=\"async\" width=\"1024\" height=\"724\" src=\"https:\/\/www.aikidotoshindotoulon.fr\/wp-content\/uploads\/2025\/08\/TOULON-FLYER-Recto-Verso-A4-PARTIE-2-2025-1024x724.jpg\" class=\"attachment-large size-large wp-image-1886\" alt=\"\" srcset=\"https:\/\/www.aikidotoshindotoulon.fr\/wp-content\/uploads\/2025\/08\/TOULON-FLYER-Recto-Verso-A4-PARTIE-2-2025-1024x724.jpg 1024w, https:\/\/www.aikidotoshindotoulon.fr\/wp-content\/uploads\/2025\/08\/TOULON-FLYER-Recto-Verso-A4-PARTIE-2-2025-300x212.jpg 300w, https:\/\/www.aikidotoshindotoulon.fr\/wp-content\/uploads\/2025\/08\/TOULON-FLYER-Recto-Verso-A4-PARTIE-2-2025-768x543.jpg 768w, https:\/\/www.aikidotoshindotoulon.fr\/wp-content\/uploads\/2025\/08\/TOULON-FLYER-Recto-Verso-A4-PARTIE-2-2025-1536x1086.jpg 1536w, https:\/\/www.aikidotoshindotoulon.fr\/wp-content\/uploads\/2025\/08\/TOULON-FLYER-Recto-Verso-A4-PARTIE-2-2025-2048x1448.jpg 2048w\" sizes=\"(max-width: 1024px) 100vw, 1024px\" \/>\t\t\t\t\t\t\t\t\t\t\t\t\t\t\t<\/div>\n\t\t\t\t<\/div>\n\t\t\t\t\t<\/div>\n\t\t<\/div>\n\t\t\t\t\t<\/div>\n\t\t<\/section>\n\t\t\t\t<section class=\"elementor-section elementor-top-section elementor-element elementor-element-5cf94f6 elementor-section-boxed elementor-section-height-default elementor-section-height-default\" data-id=\"5cf94f6\" data-element_type=\"section\" data-e-type=\"section\">\n\t\t\t\t\t\t<div class=\"elementor-container elementor-column-gap-default\">\n\t\t\t\t\t<div class=\"elementor-column elementor-col-100 elementor-top-column elementor-element elementor-element-51c2a94\" data-id=\"51c2a94\" data-element_type=\"column\" data-e-type=\"column\">\n\t\t\t<div class=\"elementor-widget-wrap elementor-element-populated\">\n\t\t\t\t\t\t<div class=\"elementor-element elementor-element-6d6c10b elementor-widget elementor-widget-text-editor\" data-id=\"6d6c10b\" data-element_type=\"widget\" data-e-type=\"widget\" data-widget_type=\"text-editor.default\">\n\t\t\t\t<div class=\"elementor-widget-container\">\n\t\t\t\t\t\t\t\t\t<p><strong><a href=\"https:\/\/www.aikidotoshindotoulon.fr\">Retour \u00e0 la page d&rsquo;accueil<\/a><\/strong><\/p>\t\t\t\t\t\t\t\t<\/div>\n\t\t\t\t<\/div>\n\t\t\t\t\t<\/div>\n\t\t<\/div>\n\t\t\t\t\t<\/div>\n\t\t<\/section>\n\t\t\t\t<section class=\"elementor-section elementor-top-section elementor-element elementor-element-f257cef elementor-section-boxed elementor-section-height-default elementor-section-height-default\" data-id=\"f257cef\" data-element_type=\"section\" data-e-type=\"section\">\n\t\t\t\t\t\t<div class=\"elementor-container elementor-column-gap-default\">\n\t\t\t\t\t<div class=\"elementor-column elementor-col-100 elementor-top-column elementor-element elementor-element-0359f4e\" data-id=\"0359f4e\" data-element_type=\"column\" data-e-type=\"column\">\n\t\t\t<div class=\"elementor-widget-wrap\">\n\t\t\t\t\t\t\t<\/div>\n\t\t<\/div>\n\t\t\t\t\t<\/div>\n\t\t<\/section>\n\t\t\t\t<section class=\"elementor-section elementor-top-section elementor-element elementor-element-c69860d elementor-section-boxed elementor-section-height-default elementor-section-height-default\" data-id=\"c69860d\" data-element_type=\"section\" data-e-type=\"section\">\n\t\t\t\t\t\t<div class=\"elementor-container elementor-column-gap-default\">\n\t\t\t\t\t<div class=\"elementor-column elementor-col-100 elementor-top-column elementor-element elementor-element-0b26706\" data-id=\"0b26706\" data-element_type=\"column\" data-e-type=\"column\">\n\t\t\t<div class=\"elementor-widget-wrap elementor-element-populated\">\n\t\t\t\t\t\t<div class=\"elementor-element elementor-element-f1b99f8 elementor-align-center elementor-widget elementor-widget-button\" data-id=\"f1b99f8\" data-element_type=\"widget\" data-e-type=\"widget\" data-widget_type=\"button.default\">\n\t\t\t\t<div class=\"elementor-widget-container\">\n\t\t\t\t\t\t\t\t\t<div class=\"elementor-button-wrapper\">\n\t\t\t\t\t<a class=\"elementor-button elementor-button-link elementor-size-sm\" href=\"https:\/\/www.aikidotoshindotoulon.fr\/wp-content\/uploads\/2025\/09\/TOULON-AFFICHE-2025-avec-qr-code.pdf\" download=\"\">\n\t\t\t\t\t\t<span class=\"elementor-button-content-wrapper\">\n\t\t\t\t\t\t\t\t\t<span class=\"elementor-button-text\">T\u00e9l\u00e9chargez l'affiche et le QR code<\/span>\n\t\t\t\t\t<\/span>\n\t\t\t\t\t<\/a>\n\t\t\t\t<\/div>\n\t\t\t\t\t\t\t\t<\/div>\n\t\t\t\t<\/div>\n\t\t\t\t\t<\/div>\n\t\t<\/div>\n\t\t\t\t\t<\/div>\n\t\t<\/section>\n\t\t\t\t<\/div>\n\t\t","protected":false},"excerpt":{"rendered":"<p>Retour \u00e0 la page d&rsquo;accueil T\u00e9l\u00e9chargez l&rsquo;affiche et le QR code<\/p>\n","protected":false},"author":3,"featured_media":0,"parent":0,"menu_order":0,"comment_status":"closed","ping_status":"closed","template":"","meta":{"_kad_post_transparent":"default","_kad_post_title":"hide","_kad_post_layout":"fullwidth","_kad_post_sidebar_id":"","_kad_post_content_style":"unboxed","_kad_post_vertical_padding":"hide","_kad_post_feature":"hide","_kad_post_feature_position":"","_kad_post_header":false,"_kad_post_footer":false,"_kad_post_classname":"","footnotes":""},"class_list":["post-1869","page","type-page","status-publish","hentry"],"_links":{"self":[{"href":"https:\/\/www.aikidotoshindotoulon.fr\/index.php?rest_route=\/wp\/v2\/pages\/1869","targetHints":{"allow":["GET"]}}],"collection":[{"href":"https:\/\/www.aikidotoshindotoulon.fr\/index.php?rest_route=\/wp\/v2\/pages"}],"about":[{"href":"https:\/\/www.aikidotoshindotoulon.fr\/index.php?rest_route=\/wp\/v2\/types\/page"}],"author":[{"embeddable":true,"href":"https:\/\/www.aikidotoshindotoulon.fr\/index.php?rest_route=\/wp\/v2\/users\/3"}],"replies":[{"embeddable":true,"href":"https:\/\/www.aikidotoshindotoulon.fr\/index.php?rest_route=%2Fwp%2Fv2%2Fcomments&post=1869"}],"version-history":[{"count":0,"href":"https:\/\/www.aikidotoshindotoulon.fr\/index.php?rest_route=\/wp\/v2\/pages\/1869\/revisions"}],"wp:attachment":[{"href":"https:\/\/www.aikidotoshindotoulon.fr\/index.php?rest_route=%2Fwp%2Fv2%2Fmedia&parent=1869"}],"curies":[{"name":"wp","href":"https:\/\/api.w.org\/{rel}","templated":true}]}}