{"id":9,"date":"2021-07-07T19:26:03","date_gmt":"2021-07-07T17:26:03","guid":{"rendered":"https:\/\/www.aikidotoshindotoulon.fr\/?page_id=9"},"modified":"2025-06-19T19:41:35","modified_gmt":"2025-06-19T17:41:35","slug":"presentation","status":"publish","type":"page","link":"https:\/\/www.aikidotoshindotoulon.fr\/?page_id=9","title":{"rendered":"Pr\u00e9sentation"},"content":{"rendered":"\t\t<div data-elementor-type=\"wp-page\" data-elementor-id=\"9\" class=\"elementor elementor-9\">\n\t\t\t\t\t\t<section class=\"elementor-section elementor-top-section elementor-element elementor-element-b5865e2 elementor-section-boxed elementor-section-height-default elementor-section-height-default\" data-id=\"b5865e2\" data-element_type=\"section\" data-e-type=\"section\">\n\t\t\t\t\t\t<div class=\"elementor-container elementor-column-gap-default\">\n\t\t\t\t\t<div class=\"elementor-column elementor-col-100 elementor-top-column elementor-element elementor-element-b726b11\" data-id=\"b726b11\" data-element_type=\"column\" data-e-type=\"column\">\n\t\t\t<div class=\"elementor-widget-wrap elementor-element-populated\">\n\t\t\t\t\t\t<div class=\"elementor-element elementor-element-7355949 elementor-widget elementor-widget-heading\" data-id=\"7355949\" data-element_type=\"widget\" data-e-type=\"widget\" data-widget_type=\"heading.default\">\n\t\t\t\t<div class=\"elementor-widget-container\">\n\t\t\t\t\t<h2 class=\"elementor-heading-title elementor-size-default\">L\u2019ART ENSEIGN\u00c9<\/h2>\t\t\t\t<\/div>\n\t\t\t\t<\/div>\n\t\t\t\t\t<\/div>\n\t\t<\/div>\n\t\t\t\t\t<\/div>\n\t\t<\/section>\n\t\t\t\t<section class=\"elementor-section elementor-top-section elementor-element elementor-element-7c9dbb6 elementor-section-boxed elementor-section-height-default elementor-section-height-default\" data-id=\"7c9dbb6\" data-element_type=\"section\" data-e-type=\"section\">\n\t\t\t\t\t\t<div class=\"elementor-container elementor-column-gap-default\">\n\t\t\t\t\t<div class=\"elementor-column elementor-col-100 elementor-top-column elementor-element elementor-element-723af4b\" data-id=\"723af4b\" data-element_type=\"column\" data-e-type=\"column\">\n\t\t\t<div class=\"elementor-widget-wrap elementor-element-populated\">\n\t\t\t\t\t\t<div class=\"elementor-element elementor-element-e9cc959 elementor-widget elementor-widget-text-editor\" data-id=\"e9cc959\" data-element_type=\"widget\" data-e-type=\"widget\" data-widget_type=\"text-editor.default\">\n\t\t\t\t<div class=\"elementor-widget-container\">\n\t\t\t\t\t\t\t\t\t<p>L\u2019association Dojo Toshin Do (Etude de la voie globale) propose la d\u00e9couverte de l\u2019A\u00efkido, art martial japonais cr\u00e9\u00e9 par O\u2019Sensei Morihei Ueshiba (1983-1969).<br \/>Elle est affili\u00e9e \u00e0 l\u2019Ecole d\u2019A\u00efkido de Sumikiri qui int\u00e8gre l\u2019aspect corporel et spirituel, selon le concept de Non-Violence et de Non-Agir \u00ab\u00a0budo g\u00e9n\u00e9rateur de Discernement, de Sagesse et de Paix.\u00a0\u00bb d\u00e9velopp\u00e9 \u00e0 la fin de sa vie par le ma\u00eetre fondateur.<br \/>Fort d\u2019enseignants et d\u2019\u00e9l\u00e8ves engag\u00e9s dans cette voie, le Dojo Toshin Do est en mesure de proposer un accompagnement par des personnes hautement qualifi\u00e9es, d\u00e9sireuses de partager leur passion en pratiquant \u00e0 mains nues, mais aussi au b\u00e2ton (Jo), sabre en bois (bokken) et couteau (tanto).<br \/>Au-del\u00e0 de l\u2019apprentissage des techniques d\u2019a\u00efkido, l\u2019enseignement \u00a0aborde, par le biais d\u2019exercices sp\u00e9cifiques, des sujets touchant la respiration, la relaxation, la rectitude du corps, la coordination des mouvements lors des d\u00e9placements et le massage de zones pr\u00e9cises et\/ou sensibles.<\/p>\t\t\t\t\t\t\t\t<\/div>\n\t\t\t\t<\/div>\n\t\t\t\t<div class=\"elementor-element elementor-element-83c3aa7 elementor-widget elementor-widget-heading\" data-id=\"83c3aa7\" data-element_type=\"widget\" data-e-type=\"widget\" data-widget_type=\"heading.default\">\n\t\t\t\t<div class=\"elementor-widget-container\">\n\t\t\t\t\t<h2 class=\"elementor-heading-title elementor-size-default\">HISTORIQUE DE L\u2019ASSOCIATION\u00a0<\/h2>\t\t\t\t<\/div>\n\t\t\t\t<\/div>\n\t\t\t\t<div class=\"elementor-element elementor-element-e97f543 elementor-widget elementor-widget-text-editor\" data-id=\"e97f543\" data-element_type=\"widget\" data-e-type=\"widget\" data-widget_type=\"text-editor.default\">\n\t\t\t\t<div class=\"elementor-widget-container\">\n\t\t\t\t\t\t\t\t\t<p>L\u2019association toulonnaise Dojo Toshin Do a \u00e9t\u00e9 cr\u00e9\u00e9e le 23 ao\u00fbt 1995 par Jean Michelis,\u00a0pratiquant de judo et de karat\u00e9, qui d\u00e9couvre d\u00e8s 1965 l\u2019A\u00efkido aupr\u00e8s de Jean-Daniel Cauh\u00e9p\u00e9, premier \u00e9l\u00e8ve de Ma\u00eetre Andr\u00e9 Noquet qui vient de rentrer du Japon o\u00f9 il a re\u00e7u l&rsquo;enseignement de \u00ab\u00a00\u00a0\u00bb Sensei Morihei Ueshiba. Ceinture noire en 1968 et dipl\u00f4m\u00e9 d\u2019Etat d\u2019enseignant en 1973, Jean Michelis sera de 1974 \u00e0 1984 assistant de Ma\u00eetre Andr\u00e9 Noquet. Il obtient son sixi\u00e8me dan en 1988. <strong>E<\/strong>n 2001 il rejoint Jean\u00a0 Daniel Cauh\u00e9p\u00e9, son premier professeur, qui vient de cr\u00e9er l&rsquo;Ecole d\u2019A\u00efkido de Sumikiri. Il est nomm\u00e9 Ka\u00efden, plus haut grade de cette \u00e9cole en 2002. Il a form\u00e9 un grand nombre de ceintures noires dans la r\u00e9gion toulonnaise.<\/p><p>Des probl\u00e8mes de sant\u00e9 l\u2019am\u00e8neront \u00e0 laisser en 2009 la direction de son Dojo et de ses cours \u00e0 son fid\u00e8le \u00e9l\u00e8ve Reynald Delille. Pratiquant d\u2019A\u00efkido depuis 1980, Il a accompagn\u00e9 Jean Michelis d\u2019abord \u00e0 la F\u00e9d\u00e9ration d\u2019A\u00efkido Traditionnel puis aupr\u00e8s de Jean Daniel Cauh\u00e9p\u00e9. Menkyo \u00a0de l\u2019Ecole d\u2019A\u00efkido de Sumikiri et faisant parti des cadres de l&rsquo;Ecole, il est amen\u00e9 \u00e0 animer des stages nationaux.<\/p><p>Il est assist\u00e9 par Jacques Collin, lui aussi Menkyo de l\u2019Ecole d\u2019A\u00efkido de Sumikiri et pratiquant d\u2019a\u00efkido depuis 1988.<\/p><p>L\u2019association b\u00e9n\u00e9ficie depuis 2019, de la pr\u00e9sence r\u00e9guli\u00e8re et de l\u2019enseignement de Christian Laurenti, Ka\u00efden, Conseiller Technique et membre fondateur avec Jean Daniel Cauh\u00e9p\u00e9 de l\u2019Ecole d\u2019A\u00efkido de Sumikiri.<\/p>\t\t\t\t\t\t\t\t<\/div>\n\t\t\t\t<\/div>\n\t\t\t\t\t<\/div>\n\t\t<\/div>\n\t\t\t\t\t<\/div>\n\t\t<\/section>\n\t\t\t\t<section class=\"elementor-section elementor-top-section elementor-element elementor-element-f7e3a97 elementor-section-boxed elementor-section-height-default elementor-section-height-default\" data-id=\"f7e3a97\" data-element_type=\"section\" data-e-type=\"section\">\n\t\t\t\t\t\t<div class=\"elementor-container elementor-column-gap-default\">\n\t\t\t\t\t<div class=\"elementor-column elementor-col-100 elementor-top-column elementor-element elementor-element-3349d0f\" data-id=\"3349d0f\" data-element_type=\"column\" data-e-type=\"column\">\n\t\t\t<div class=\"elementor-widget-wrap elementor-element-populated\">\n\t\t\t\t\t\t<div class=\"elementor-element elementor-element-f6fedaf elementor-widget elementor-widget-heading\" data-id=\"f6fedaf\" data-element_type=\"widget\" data-e-type=\"widget\" data-widget_type=\"heading.default\">\n\t\t\t\t<div class=\"elementor-widget-container\">\n\t\t\t\t\t<h2 class=\"elementor-heading-title elementor-size-default\">L'ENSEIGNEMENT<\/h2>\t\t\t\t<\/div>\n\t\t\t\t<\/div>\n\t\t\t\t\t<\/div>\n\t\t<\/div>\n\t\t\t\t\t<\/div>\n\t\t<\/section>\n\t\t\t\t<section class=\"elementor-section elementor-top-section elementor-element elementor-element-473069b elementor-section-boxed elementor-section-height-default elementor-section-height-default\" data-id=\"473069b\" data-element_type=\"section\" data-e-type=\"section\">\n\t\t\t\t\t\t<div class=\"elementor-container elementor-column-gap-default\">\n\t\t\t\t\t<div class=\"elementor-column elementor-col-100 elementor-top-column elementor-element elementor-element-cdac1fd\" data-id=\"cdac1fd\" data-element_type=\"column\" data-e-type=\"column\">\n\t\t\t<div class=\"elementor-widget-wrap elementor-element-populated\">\n\t\t\t\t\t\t<div class=\"elementor-element elementor-element-249a322 elementor-widget elementor-widget-text-editor\" data-id=\"249a322\" data-element_type=\"widget\" data-e-type=\"widget\" data-widget_type=\"text-editor.default\">\n\t\t\t\t<div class=\"elementor-widget-container\">\n\t\t\t\t\t\t\t\t\t<p>Les enseignants de l\u2019Ecole d\u2019A\u00efkido de Sumikiri sont tous des b\u00e9n\u00e9voles. L\u2019Ecole souhaite en effet d\u00e9barrasser les esprits de toute contrainte pouvant amener \u00e0 des d\u00e9rives d&rsquo;ordre financier, et proposer une \u00e9tude libre et vari\u00e9e ou la coll\u00e9gialit\u00e9 r\u00e8gne entre les enseignants.<\/p><p>Que propose l\u2019Ecole d\u2019A\u00efkido de Sumikiri\u00a0: <a href=\"https:\/\/www.sumikiri.com\">https:\/\/www.sumikiri.com<\/a>\u00a0<\/p>\t\t\t\t\t\t\t\t<\/div>\n\t\t\t\t<\/div>\n\t\t\t\t\t<\/div>\n\t\t<\/div>\n\t\t\t\t\t<\/div>\n\t\t<\/section>\n\t\t\t\t<section class=\"elementor-section elementor-top-section elementor-element elementor-element-5dccf41 elementor-section-boxed elementor-section-height-default elementor-section-height-default\" data-id=\"5dccf41\" data-element_type=\"section\" data-e-type=\"section\">\n\t\t\t\t\t\t<div class=\"elementor-container elementor-column-gap-default\">\n\t\t\t\t\t<div class=\"elementor-column elementor-col-100 elementor-top-column elementor-element elementor-element-e2f8550\" data-id=\"e2f8550\" data-element_type=\"column\" data-e-type=\"column\">\n\t\t\t<div class=\"elementor-widget-wrap elementor-element-populated\">\n\t\t\t\t\t\t<div class=\"elementor-element elementor-element-8f25cd7 elementor-widget elementor-widget-heading\" data-id=\"8f25cd7\" data-element_type=\"widget\" data-e-type=\"widget\" data-widget_type=\"heading.default\">\n\t\t\t\t<div class=\"elementor-widget-container\">\n\t\t\t\t\t<h2 class=\"elementor-heading-title elementor-size-default\">L'ECOLE D'A\u00cfKIDO DE SUMIKIRI<\/h2>\t\t\t\t<\/div>\n\t\t\t\t<\/div>\n\t\t\t\t\t<\/div>\n\t\t<\/div>\n\t\t\t\t\t<\/div>\n\t\t<\/section>\n\t\t\t\t<section class=\"elementor-section elementor-top-section elementor-element elementor-element-dea23c6 elementor-section-boxed elementor-section-height-default elementor-section-height-default\" data-id=\"dea23c6\" data-element_type=\"section\" data-e-type=\"section\">\n\t\t\t\t\t\t<div class=\"elementor-container elementor-column-gap-default\">\n\t\t\t\t\t<div class=\"elementor-column elementor-col-100 elementor-top-column elementor-element elementor-element-ec561d2\" data-id=\"ec561d2\" data-element_type=\"column\" data-e-type=\"column\">\n\t\t\t<div class=\"elementor-widget-wrap elementor-element-populated\">\n\t\t\t\t\t\t<div class=\"elementor-element elementor-element-055d6e7 elementor-widget elementor-widget-text-editor\" data-id=\"055d6e7\" data-element_type=\"widget\" data-e-type=\"widget\" data-widget_type=\"text-editor.default\">\n\t\t\t\t<div class=\"elementor-widget-container\">\n\t\t\t\t\t\t\t\t\t<p>Le fondateur de cet Art est \u00ab\u00a00\u00a0\u00bb Sensei Morihei Ueshiba (1983-1969), qui d\u00e8s son plus jeune \u00e2ge, fut instruit aux grands textes du confucianisme et du boudhisme mais aussi aux chemins plus terrestres du Sumo et de la natation.\u00a0Que propose l\u2019Ecole d\u2019A\u00efkido de Sumikiri :\u00a0\u00a0<a href=\"https:\/\/www.sumikiri.com\">https:\/\/www.sumikiri.com<\/a><\/p>\t\t\t\t\t\t\t\t<\/div>\n\t\t\t\t<\/div>\n\t\t\t\t\t<\/div>\n\t\t<\/div>\n\t\t\t\t\t<\/div>\n\t\t<\/section>\n\t\t\t\t<\/div>\n\t\t","protected":false},"excerpt":{"rendered":"<p>L\u2019ART ENSEIGN\u00c9 L\u2019association Dojo Toshin Do (Etude de la voie globale) propose la d\u00e9couverte de l\u2019A\u00efkido, art martial japonais cr\u00e9\u00e9 par O\u2019Sensei Morihei Ueshiba (1983-1969).Elle est affili\u00e9e \u00e0 l\u2019Ecole d\u2019A\u00efkido de Sumikiri qui int\u00e8gre l\u2019aspect corporel et spirituel, selon le concept de Non-Violence et de Non-Agir \u00ab\u00a0budo g\u00e9n\u00e9rateur de Discernement, de Sagesse et de Paix.\u00a0\u00bb&#8230;<\/p>\n","protected":false},"author":3,"featured_media":0,"parent":0,"menu_order":0,"comment_status":"closed","ping_status":"closed","template":"","meta":{"_kad_post_transparent":"","_kad_post_title":"","_kad_post_layout":"","_kad_post_sidebar_id":"","_kad_post_content_style":"","_kad_post_vertical_padding":"","_kad_post_feature":"","_kad_post_feature_position":"","_kad_post_header":false,"_kad_post_footer":false,"_kad_post_classname":"","footnotes":""},"class_list":["post-9","page","type-page","status-publish","hentry"],"_links":{"self":[{"href":"https:\/\/www.aikidotoshindotoulon.fr\/index.php?rest_route=\/wp\/v2\/pages\/9","targetHints":{"allow":["GET"]}}],"collection":[{"href":"https:\/\/www.aikidotoshindotoulon.fr\/index.php?rest_route=\/wp\/v2\/pages"}],"about":[{"href":"https:\/\/www.aikidotoshindotoulon.fr\/index.php?rest_route=\/wp\/v2\/types\/page"}],"author":[{"embeddable":true,"href":"https:\/\/www.aikidotoshindotoulon.fr\/index.php?rest_route=\/wp\/v2\/users\/3"}],"replies":[{"embeddable":true,"href":"https:\/\/www.aikidotoshindotoulon.fr\/index.php?rest_route=%2Fwp%2Fv2%2Fcomments&post=9"}],"version-history":[{"count":0,"href":"https:\/\/www.aikidotoshindotoulon.fr\/index.php?rest_route=\/wp\/v2\/pages\/9\/revisions"}],"wp:attachment":[{"href":"https:\/\/www.aikidotoshindotoulon.fr\/index.php?rest_route=%2Fwp%2Fv2%2Fmedia&parent=9"}],"curies":[{"name":"wp","href":"https:\/\/api.w.org\/{rel}","templated":true}]}}

Présentation

<div data-elementor-type="wp-page" data-elementor-id="9" class="elementor elementor-9">
						<section class="elementor-section elementor-top-section elementor-element elementor-element-b5865e2 elementor-section-boxed elementor-section-height-default elementor-section-height-default" data-id="b5865e2" data-element_type="section" data-e-type="section">
						<div class="elementor-container elementor-column-gap-default">
					<div class="elementor-column elementor-col-100 elementor-top-column elementor-element elementor-element-b726b11" data-id="b726b11" data-element_type="column" data-e-type="column">
			<div class="elementor-widget-wrap elementor-element-populated">
						<div class="elementor-element elementor-element-7355949 elementor-widget elementor-widget-heading" data-id="7355949" data-element_type="widget" data-e-type="widget" data-widget_type="heading.default">
				<div class="elementor-widget-container">
					<h2 class="elementor-heading-title elementor-size-default">L’ART ENSEIGNÉ</h2>				</div>
				</div>
					</div>
		</div>
					</div>
		</section>
				<section class="elementor-section elementor-top-section elementor-element elementor-element-7c9dbb6 elementor-section-boxed elementor-section-height-default elementor-section-height-default" data-id="7c9dbb6" data-element_type="section" data-e-type="section">
						<div class="elementor-container elementor-column-gap-default">
					<div class="elementor-column elementor-col-100 elementor-top-column elementor-element elementor-element-723af4b" data-id="723af4b" data-element_type="column" data-e-type="column">
			<div class="elementor-widget-wrap elementor-element-populated">
						<div class="elementor-element elementor-element-e9cc959 elementor-widget elementor-widget-text-editor" data-id="e9cc959" data-element_type="widget" data-e-type="widget" data-widget_type="text-editor.default">
				<div class="elementor-widget-container">
									<p>L’association Dojo Toshin Do (Etude de la voie globale) propose la découverte de l’Aïkido, art martial japonais créé par O’Sensei Morihei Ueshiba (1983-1969).<br />Elle est affiliée à l’Ecole d’Aïkido de Sumikiri qui intègre l’aspect corporel et spirituel, selon le concept de Non-Violence et de Non-Agir « budo générateur de Discernement, de Sagesse et de Paix. » développé à la fin de sa vie par le maître fondateur.<br />Fort d’enseignants et d’élèves engagés dans cette voie, le Dojo Toshin Do est en mesure de proposer un accompagnement par des personnes hautement qualifiées, désireuses de partager leur passion en pratiquant à mains nues, mais aussi au bâton (Jo), sabre en bois (bokken) et couteau (tanto).<br />Au-delà de l’apprentissage des techniques d’aïkido, l’enseignement  aborde, par le biais d’exercices spécifiques, des sujets touchant la respiration, la relaxation, la rectitude du corps, la coordination des mouvements lors des déplacements et le massage de zones précises et/ou sensibles.</p>								</div>
				</div>
				<div class="elementor-element elementor-element-83c3aa7 elementor-widget elementor-widget-heading" data-id="83c3aa7" data-element_type="widget" data-e-type="widget" data-widget_type="heading.default">
				<div class="elementor-widget-container">
					<h2 class="elementor-heading-title elementor-size-default">HISTORIQUE DE L’ASSOCIATION </h2>				</div>
				</div>
				<div class="elementor-element elementor-element-e97f543 elementor-widget elementor-widget-text-editor" data-id="e97f543" data-element_type="widget" data-e-type="widget" data-widget_type="text-editor.default">
				<div class="elementor-widget-container">
									<p>L’association toulonnaise Dojo Toshin Do a été créée le 23 août 1995 par Jean Michelis, pratiquant de judo et de karaté, qui découvre dès 1965 l’Aïkido auprès de Jean-Daniel Cauhépé, premier élève de Maître André Noquet qui vient de rentrer du Japon où il a reçu l&rsquo;enseignement de « 0 » Sensei Morihei Ueshiba. Ceinture noire en 1968 et diplômé d’Etat d’enseignant en 1973, Jean Michelis sera de 1974 à 1984 assistant de Maître André Noquet. Il obtient son sixième dan en 1988. <strong>E</strong>n 2001 il rejoint Jean  Daniel Cauhépé, son premier professeur, qui vient de créer l&rsquo;Ecole d’Aïkido de Sumikiri. Il est nommé Kaïden, plus haut grade de cette école en 2002. Il a formé un grand nombre de ceintures noires dans la région toulonnaise.</p><p>Des problèmes de santé l’amèneront à laisser en 2009 la direction de son Dojo et de ses cours à son fidèle élève Reynald Delille. Pratiquant d’Aïkido depuis 1980, Il a accompagné Jean Michelis d’abord à la Fédération d’Aïkido Traditionnel puis auprès de Jean Daniel Cauhépé. Menkyo  de l’Ecole d’Aïkido de Sumikiri et faisant parti des cadres de l&rsquo;Ecole, il est amené à animer des stages nationaux.</p><p>Il est assisté par Jacques Collin, lui aussi Menkyo de l’Ecole d’Aïkido de Sumikiri et pratiquant d’aïkido depuis 1988.</p><p>L’association bénéficie depuis 2019, de la présence régulière et de l’enseignement de Christian Laurenti, Kaïden, Conseiller Technique et membre fondateur avec Jean Daniel Cauhépé de l’Ecole d’Aïkido de Sumikiri.</p>								</div>
				</div>
					</div>
		</div>
					</div>
		</section>
				<section class="elementor-section elementor-top-section elementor-element elementor-element-f7e3a97 elementor-section-boxed elementor-section-height-default elementor-section-height-default" data-id="f7e3a97" data-element_type="section" data-e-type="section">
						<div class="elementor-container elementor-column-gap-default">
					<div class="elementor-column elementor-col-100 elementor-top-column elementor-element elementor-element-3349d0f" data-id="3349d0f" data-element_type="column" data-e-type="column">
			<div class="elementor-widget-wrap elementor-element-populated">
						<div class="elementor-element elementor-element-f6fedaf elementor-widget elementor-widget-heading" data-id="f6fedaf" data-element_type="widget" data-e-type="widget" data-widget_type="heading.default">
				<div class="elementor-widget-container">
					<h2 class="elementor-heading-title elementor-size-default">L'ENSEIGNEMENT</h2>				</div>
				</div>
					</div>
		</div>
					</div>
		</section>
				<section class="elementor-section elementor-top-section elementor-element elementor-element-473069b elementor-section-boxed elementor-section-height-default elementor-section-height-default" data-id="473069b" data-element_type="section" data-e-type="section">
						<div class="elementor-container elementor-column-gap-default">
					<div class="elementor-column elementor-col-100 elementor-top-column elementor-element elementor-element-cdac1fd" data-id="cdac1fd" data-element_type="column" data-e-type="column">
			<div class="elementor-widget-wrap elementor-element-populated">
						<div class="elementor-element elementor-element-249a322 elementor-widget elementor-widget-text-editor" data-id="249a322" data-element_type="widget" data-e-type="widget" data-widget_type="text-editor.default">
				<div class="elementor-widget-container">
									<p>Les enseignants de l’Ecole d’Aïkido de Sumikiri sont tous des bénévoles. L’Ecole souhaite en effet débarrasser les esprits de toute contrainte pouvant amener à des dérives d&rsquo;ordre financier, et proposer une étude libre et variée ou la collégialité règne entre les enseignants.</p><p>Que propose l’Ecole d’Aïkido de Sumikiri : <a href="https://www.sumikiri.com">https://www.sumikiri.com</a> </p>								</div>
				</div>
					</div>
		</div>
					</div>
		</section>
				<section class="elementor-section elementor-top-section elementor-element elementor-element-5dccf41 elementor-section-boxed elementor-section-height-default elementor-section-height-default" data-id="5dccf41" data-element_type="section" data-e-type="section">
						<div class="elementor-container elementor-column-gap-default">
					<div class="elementor-column elementor-col-100 elementor-top-column elementor-element elementor-element-e2f8550" data-id="e2f8550" data-element_type="column" data-e-type="column">
			<div class="elementor-widget-wrap elementor-element-populated">
						<div class="elementor-element elementor-element-8f25cd7 elementor-widget elementor-widget-heading" data-id="8f25cd7" data-element_type="widget" data-e-type="widget" data-widget_type="heading.default">
				<div class="elementor-widget-container">
					<h2 class="elementor-heading-title elementor-size-default">L'ECOLE D'AÏKIDO DE SUMIKIRI</h2>				</div>
				</div>
					</div>
		</div>
					</div>
		</section>
				<section class="elementor-section elementor-top-section elementor-element elementor-element-dea23c6 elementor-section-boxed elementor-section-height-default elementor-section-height-default" data-id="dea23c6" data-element_type="section" data-e-type="section">
						<div class="elementor-container elementor-column-gap-default">
					<div class="elementor-column elementor-col-100 elementor-top-column elementor-element elementor-element-ec561d2" data-id="ec561d2" data-element_type="column" data-e-type="column">
			<div class="elementor-widget-wrap elementor-element-populated">
						<div class="elementor-element elementor-element-055d6e7 elementor-widget elementor-widget-text-editor" data-id="055d6e7" data-element_type="widget" data-e-type="widget" data-widget_type="text-editor.default">
				<div class="elementor-widget-container">
									<p>Le fondateur de cet Art est « 0 » Sensei Morihei Ueshiba (1983-1969), qui dès son plus jeune âge, fut instruit aux grands textes du confucianisme et du boudhisme mais aussi aux chemins plus terrestres du Sumo et de la natation. Que propose l’Ecole d’Aïkido de Sumikiri :  <a href="https://www.sumikiri.com">https://www.sumikiri.com</a></p>								</div>
				</div>
					</div>
		</div>
					</div>
		</section>
				</div>

<p>L’ART ENSEIGNÉ L’association Dojo Toshin Do (Etude de la voie globale) propose la découverte de l’Aïkido, art martial japonais créé par O’Sensei Morihei Ueshiba (1983-1969).Elle est affiliée à l’Ecole d’Aïkido de Sumikiri qui intègre l’aspect corporel et spirituel, selon le concept de Non-Violence et de Non-Agir « budo générateur de Discernement, de Sagesse et de Paix. »&#8230;</p>
